 = 14*s - 9. Let f be z(1). Suppose 50 = 5*r - 5*k, -4*r - f*k = 10 - 41. Calculate the highest common divisor of r and 6.
3
Let l = 221 + -428. Let c be 2*(4 - l/18). Calculate the greatest common divisor of 31 and c.
31
Let n = 8 - 3. Let w(h) = -h**3 + 9*h**2. Let g be w(8). Suppose n*v = -5*o + 350, o - 5*v - g = -0*o. What is the highest common divisor of o and 46?
23
Let r be 124*(-1)/(-12)*-9. Let z be (-2)/7 + (r/(-7) - -8). Calculate the highest common factor of 3 and z.
3
Suppose 0 = 22*p - 10103 - 29893 + 2332. Calculate the greatest common factor of 128 and p.
16
Let h(b) = -2*b**3 + 5*b**2 + 2*b + 10. Let l be h(-4). Suppose -3*s + 7*s = -4*w + 196, l = 4*w - 3*s. What is the greatest common divisor of w and 357?
51
Suppose -7*j - 230 + 1021 = 0. Let s = j - 25. What is the greatest common factor of s and 33?
11
Suppose -3*d + 8*d = -5*a + 75, d = -5*a + 67. Suppose 703 = 2*s + 4*j + 213, 746 = 3*s - 5*j. What is the greatest common divisor of s and a?
13
Let z = 26309 - 11221. Calculate the greatest common factor of z and 184.
184
Suppose 209*d + 1260 = 221*d. Let h(o) = o**3 - 13*o**2 + 3*o + 24. Let z be h(13). What is the greatest common factor of d and z?
21
Suppose 5*z - 13 = 12. Suppose -l + 185 = z*j, -4*l + 4*j = j - 648. What is the highest common divisor of l and 99?
33
Let s = 809 - 841. Let f be 0 + (-2 - s)*(-108)/(-15). Calculate the highest common divisor of 24 and f.
24
Let y(c) = 19*c + 1292. Let f be y(-1). What is the highest common factor of f and 817?
19
Let k(i) = 2*i**3 + 53*i**2 - 79*i + 194. Let u be k(-28). Calculate the highest common divisor of u and 9414.
18
Let v(d) = -d - 2. Suppose -7*p - 3 = -8*p - n, -4*n + 20 = 0. Let k be v(p). Suppose k = -0*j - 6*j + 210. Calculate the greatest common factor of j and 21.
7
Let k = 5 + -2. Suppose -5*d + m = -726, 0 = 3*d - k*m + 4*m - 434. Suppose 5423 = -183*a + 370*a. Calculate the highest common divisor of d and a.
29
Let u = -413 + 285. Let k = 67 + u. Let c = -27 - k. What is the highest common divisor of c and 170?
34
Let n(j) = -175*j - 3. Let v be n(-4). Suppose 1830 = 30*t + 1320. What is the greatest common factor of t and v?
17
Let s = -811 + 993. What is the greatest common factor of s and 819?
91
Let j(u) = 242*u**2 + 15*u + 9. Let d be j(-1). Calculate the highest common divisor of d and 1357.
59
Let q be 3*(-1)/15 - (-66)/30. Suppose -2*s + p + 7 = 0, q*s + 8*p - 5*p - 11 = 0. What is the highest common factor of 164 and s?
4
Let t(b) = -2*b - 15. Suppose 5*x + x + 42 = 0. Let g be t(x). Let d be (6 - 40)/(0 + g). What is the highest common divisor of d and 102?
34
Suppose 0 = 23*y + 27 - 372. Suppose z - 5*x - 20 = 0, 105 = 2*z - 12*x + y*x. What is the highest common divisor of 225 and z?
45
Let j(s) = -s**3 + s. Let l(o) = 4*o**3 - 3*o**2 + 8*o + 29. Let g(z) = 5*j(z) + l(z). Let v be g(-5). Calculate the greatest common factor of v and 1.
1
Suppose v = 3*x - 1 + 11, -4*v + 5*x + 33 = 0. Suppose -v = -7*r + 42. Calculate the highest common divisor of r and 3.
1
Let v = 13686 + -13038. Suppose -4*x + 144 = -2*x. Calculate the greatest common factor of v and x.
72
Let r(g) = g**2 - 6*g - 49. Let b be r(10). Let a be (b/((-225)/40))/((-1)/(-10)). What is the highest common divisor of 40 and a?
8
Suppose 23*d - 13209 - 30338 = 12113. Calculate the greatest common factor of 12 and d.
4
Let d be (8/1)/(22/33). Let i(x) = x**2 - 19*x + 34. Let r be i(d). Let b be 70/(-4)*80/r. Calculate the greatest common divisor of b and 70.
14
Suppose 2*a = r + 133, a - 38 = 5*r + 6. Calculate the greatest common factor of a and 2852.
23
Suppose -23*i + 2468 + 2722 + 2676 = 0. Calculate the greatest common divisor of i and 144.
18
Suppose -10*c + 522 = 42. What is the greatest common divisor of 52 and c?
4
Let j be (-47 + -7)*(-16 - 105). What is the greatest common factor of 88 and j?
22
Let a be -698 + 8/((-8)/2). Let n = -412 - a. Suppose 2*i = 4*k + i - 556, n = 2*k + 2*i. Calculate the greatest common divisor of k and 28.
28
Let k be (432/(-270))/((-2)/15). Calculate the greatest common factor of 5460 and k.
12
Let l(q) = -q**3 - 105*q**2 + 408*q + 374. Let z be l(-109). What is the greatest common factor of z and 6?
6
Suppose 157 - 469 = -p + 4*l, 585 = 2*p + 5*l. What is the highest common factor of 11550 and p?
150
Let b(d) = -d**3 + 35*d**2 - 105*d + 2462. Let n be b(34). Suppose 3*c - 15 = 0, 4*c - 2 - 2 = l. What is the greatest common divisor of l and n?
16
Suppose -4*v - 4 = 0, 524 + 86 = 3*x + 2*v. Let s = 849 + -825. Calculate the greatest common factor of x and s.
12
Let d(p) be the third derivative of 13*p**6/120 + p**4/8 - 2*p**3/3 - 106*p**2. Let v be d(1). What is the greatest common divisor of v and 4?
4
Suppose -20 = 4*x, 282*x = -3*n + 283*x + 605. Calculate the greatest common divisor of 80 and n.
40
Let s(a) = 17*a + 1. Let k be s(7). Let l(m) = 64*m**2 + 181*m - 338. Let x be l(2). What is the highest common divisor of k and x?
40
Let q = 17772 + -17610. What is the highest common divisor of 3888 and q?
162
Suppose 171*h - 168*h - 980 = g, h - 316 = -5*g. Calculate the greatest common factor of 2119 and h.
163
Suppose 27 = -15*o + 177. Let g = 3680 + -3465. Calculate the greatest common divisor of o and g.
5
Let g be (10/(120/(-756)))/(6/(-8)). Suppose -153*z = -159*z + g. Calculate the greatest common divisor of 854 and z.
14
Suppose -39*n - 128*n + 605591 = -1037188. What is the highest common factor of 9 and n?
9
Let d = -2056 - -34290. Calculate the greatest common divisor of d and 142.
142
Suppose 0 = -5*d - 2*a - 3 + 2, -3*d + a = -6. Suppose 0 = -c - 2*t + 6 + d, 3*t = c - 32. Calculate the highest common divisor of 1 and c.
1
Let t be (-16)/28*32487/(-102). What is the greatest common divisor of t and 494?
26
Let o = 103 - 65. Let p = -8 - -11. Suppose -5*q + p*h = -962, -3*q = 4*h - 726 + 172. What is the greatest common divisor of o and q?
38
Suppose -720 = -66*i + 864. What is the highest common factor of i and 1032?
24
Let b be -56*(9/(-6))/1. Let d = -451 - -479. Let r be d/(-20) + 1 - (-426)/15. What is the greatest common factor of b and r?
28
Let v be (972420/(-9))/(-5)*360/160. What is the highest common divisor of 57 and v?
57
Let p be ((-20)/6)/((-1)/(-9))*-12. Suppose 0 = p*d - 361*d + 8. Calculate the greatest common factor of d and 184.
8
Let d be 10/40 - (-22)/8. Suppose 0 = 3*b + d*y - 225, b - y = 4*b - 215. What is the greatest common divisor of 112 and b?
14
Let b be (-304)/(-14) - (-2)/7. Suppose 32*j = 27*j + 5*o + 3500, -5*j = 2*o - 3528. Calculate the highest common factor of b and j.
22
Let x(w) = 2*w**3 + 398*w**2 - 2457*w + 16. Let y be x(6). Suppose z + 2*g - g = 642, -8 = 2*g. What is the highest common divisor of z and y?
34
Let k = 7345 + 1875. Calculate the highest common factor of k and 80.
20
Let c(n) = 10*n + 179. Let f be c(1). Calculate the greatest common divisor of 259 and f.
7
Let h(j) = -j**3 - 12*j**2 + 12*j + 17. Let i be h(-13). Calculate the greatest common factor of 1455 and i.
15
Let o(i) = -106*i**2 + 2595*i + 24. Let p be o(24). Calculate the highest common divisor of 864 and p.
96
Suppose u = -3*t - 13, -3*u + 2 = t + 1. Let x be 2*t/10 + 8. Let y = 39 + -32. What is the highest common factor of y and x?
7
Let n = 28 - 100. Let q = 189 + n. Calculate the greatest common divisor of q and 39.
39
Let w be (-4)/(-5)*1/(12/(-30)). Let a be ((-3)/1)/(((-6)/(-21))/w). Suppose -4*m = -a - 11. What is the highest common divisor of m and 2?
2
Let g be 12/(-150) - 46865/125. Let a = -368 - g. What is the greatest common factor of a and 1?
1
Suppose 3*b - 252 = -0*b. Let z(v) = v**2 + 14*v + 6. Let q = 189 - 204. Let u be z(q). What is the highest common factor of u and b?
21
Suppose -2*f + 104 + 136 = 0. Let h be -4 + 5/5 - (-1 + -2). Suppose 7*v - 152 - 184 = h. Calculate the greatest common divisor of f and v.
24
Let k be (1 - 0) + 0 - -79. Suppose -16*d - 105*d = d + 6803 - 22419. Calculate the highest common factor of k and d.
16
Suppose -c = 3*p - 2*p - 40, -p + c = -40. Suppose -74*u - p = -76*u. What is the greatest common divisor of u and 80?
20
Let v = 81123 + -46738. What is the greatest common divisor of 65 and v?
65
Suppose -16 = 3*w + 2*k + 7, -11 = 3*w - k. Let x be -20*(-